{"id":105,"date":"2020-06-09T19:01:05","date_gmt":"2020-06-09T19:01:05","guid":{"rendered":"http:\/\/tudasteszt.nye.hu\/?page_id=105"},"modified":"2020-06-09T19:01:05","modified_gmt":"2020-06-09T19:01:05","slug":"password-reset","status":"publish","type":"page","link":"http:\/\/tudasteszt.nye.hu\/?page_id=105","title":{"rendered":"\u00daj jelsz\u00f3 k\u00e9r\u00e9se"},"content":{"rendered":"<div class=\"swpm-pw-reset-widget-form\">\n    <form id=\"swpm-pw-reset-form\" name=\"swpm-reset-form\" method=\"post\" action=\"\">\n        <div class=\"swpm-pw-reset-widget-inside\">\n            <div class=\"swpm-pw-reset-email swpm-margin-top-10\">\n                <label for=\"swpm_reset_email\" class=\"swpm_label swpm-pw-reset-email-label\">Email c\u00edm<\/label>\n            <\/div>\n            <div class=\"swpm-pw-reset-email-input swpm-margin-top-10\">\n                <input type=\"text\" name=\"swpm_reset_email\" class=\"swpm-text-field swpm-pw-reset-text\" id=\"swpm_reset_email\"  value=\"\" size=\"60\" \/>\n            <\/div>\n            <div class=\"swpm-before-login-submit-section swpm-margin-top-10\"><\/div>\n            <div class=\"swpm-pw-reset-submit-button swpm-margin-top-10\">\n                <input type=\"submit\" name=\"swpm-reset\" class=\"swpm-pw-reset-submit\" value=\"\u00daj jelsz\u00f3\" \/>\n            <\/div>\n        <\/div>\n    <\/form>\n<\/div>\n\n","protected":false},"excerpt":{"rendered":"<p> &#8230;<\/p>\n","protected":false},"author":1,"featured_media":0,"parent":102,"menu_order":0,"comment_status":"closed","ping_status":"closed","template":"","meta":[],"_links":{"self":[{"href":"http:\/\/tudasteszt.nye.hu\/index.php?rest_route=\/wp\/v2\/pages\/105"}],"collection":[{"href":"http:\/\/tudasteszt.nye.hu\/index.php?rest_route=\/wp\/v2\/pages"}],"about":[{"href":"http:\/\/tudasteszt.nye.hu\/index.php?rest_route=\/wp\/v2\/types\/page"}],"author":[{"embeddable":true,"href":"http:\/\/tudasteszt.nye.hu\/index.php?rest_route=\/wp\/v2\/users\/1"}],"replies":[{"embeddable":true,"href":"http:\/\/tudasteszt.nye.hu\/index.php?rest_route=%2Fwp%2Fv2%2Fcomments&post=105"}],"version-history":[{"count":0,"href":"http:\/\/tudasteszt.nye.hu\/index.php?rest_route=\/wp\/v2\/pages\/105\/revisions"}],"up":[{"embeddable":true,"href":"http:\/\/tudasteszt.nye.hu\/index.php?rest_route=\/wp\/v2\/pages\/102"}],"wp:attachment":[{"href":"http:\/\/tudasteszt.nye.hu\/index.php?rest_route=%2Fwp%2Fv2%2Fmedia&parent=105"}],"curies":[{"name":"wp","href":"https:\/\/api.w.org\/{rel}","templated":true}]}}